{"id":15719,"date":"2019-05-04T23:15:17","date_gmt":"2019-05-05T03:15:17","guid":{"rendered":"https:\/\/www.expo-wppmtl.ca\/?post_type=project&#038;p=15719"},"modified":"2019-05-04T23:15:17","modified_gmt":"2019-05-05T03:15:17","slug":"alexandre-champagne","status":"publish","type":"project","link":"https:\/\/www.expo-wppmtl.ca\/en\/project\/alexandre-champagne\/","title":{"rendered":"ALEXANDRE CHAMPAGNE &#8211; SPOKESPERSON [2018]"},"content":{"rendered":"<div id=\"cmsmasters_row_\" class=\"cmsmasters_row cmsmasters_color_scheme_default cmsmasters_row_top_default cmsmasters_row_bot_default cmsmasters_row_boxed\">\n<div class=\"cmsmasters_row_outer_parent\">\n<div class=\"cmsmasters_row_outer\">\n<div class=\"cmsmasters_row_inner\">\n<div class=\"cmsmasters_row_margin\">\n<div id=\"cmsmasters_column_\" class=\"cmsmasters_column one_half\">\n<div class=\"cmsmasters_column_inner\"><div class=\"cmsmasters_text\">\n<h1>ALEXANDRE CHAMPAGNE &#8211; SPOKESPERSON [2018]<\/h1>\n<p>The World Press Photo Montreal team is pleased to announce that photographer and entrepreneur Alexandre Champagne will serve as spokesperson for its 2018 edition, which will be presented at Bonsecours Market from August 29 to September 30. In this context, Champagne will also exhibit his photographs of the aftermath of the tragedy at Quebec City\u2019s Great Mosque.<\/p>\n<p>He runs his photo studio, where he carries out commercial but also philanthropic contracts, always mindful to give back to the community. He teaches photography and is currently putting the finishing touches on his first book about the topic, in the hopes of allowing a greater number of people to get acquainted with the photographic potential of smartphones. The book, entitled <em>L\u2019art de r\u00e9ussir toutes ses photos avec son t\u00e9l\u00e9phone cellulaire<\/em> (\u201cThe art of successfully taking all your photos with your smartphone\u201d), will be published in the fall of 2018 with \u00c9ditions Cardinal.<\/p>\n<\/div>\n<div class=\"cmsmasters_text\">\n<p>&nbsp;<\/p>\n<\/div>\n<\/div><\/div>\n<div id=\"cmsmasters_column_386bisug18\" class=\"cmsmasters_column one_half\">\n<div class=\"cmsmasters_column_inner\"><div class=\"aligncenter\"><div class=\"cmsmasters_img  cmsmasters_image_c\"><img decoding=\"async\" src=\"https:\/\/www.expo-wppmtl.ca\/wp-content\/uploads\/2019\/03\/alexandre-champagne-headshot-1.jpg\" \/><\/div><\/div>\n<\/div><\/div>\n<\/div>\n<\/div>\n<\/div>\n<\/div>\n<\/div>\n\n","protected":false},"excerpt":{"rendered":"<p>The World Press Photo Montreal team is pleased to announce that photographer and entrepreneur Alexandre Champagne will serve as spokesperson for its 2018 edition.<\/p>\n","protected":false},"author":1,"featured_media":67,"menu_order":0,"comment_status":"closed","ping_status":"closed","template":"","format":"standard","meta":{"footnotes":""},"pj-categs":[12],"pj-tags":[],"class_list":["post-15719","project","type-project","status-publish","format-standard","has-post-thumbnail","hentry","pj-categs-projets-2018"],"yoast_head":"<!-- This site is optimized with the Yoast SEO plugin v27.4 - https:\/\/yoast.com\/product\/yoast-seo-wordpress\/ -->\n<title>ALEXANDRE CHAMPAGNE - SPOKESPERSON [2018] - World Press Photo Montr\u00e9al 2026<\/title>\n<meta name=\"description\" content=\"The World Press Photo Montreal team is pleased to announce that photographer and entrepreneur Alexandre Champagne will serve as spokesperson for its 2018 edition.\" \/>\n<meta name=\"robots\" content=\"index, follow, max-snippet:-1, max-image-preview:large, max-video-preview:-1\" \/>\n<link rel=\"canonical\" href=\"https:\/\/www.expo-wppmtl.ca\/en\/project\/alexandre-champagne\/\" \/>\n<meta property=\"og:locale\" content=\"en_US\" \/>\n<meta property=\"og:type\" content=\"article\" \/>\n<meta property=\"og:title\" content=\"ALEXANDRE CHAMPAGNE - SPOKESPERSON [2018] - World Press Photo Montr\u00e9al 2026\" \/>\n<meta property=\"og:description\" content=\"The World Press Photo Montreal team is pleased to announce that photographer and entrepreneur Alexandre Champagne will serve as spokesperson for its 2018 edition.\" \/>\n<meta property=\"og:url\" content=\"https:\/\/www.expo-wppmtl.ca\/en\/project\/alexandre-champagne\/\" \/>\n<meta property=\"og:site_name\" content=\"World Press Photo Montr\u00e9al 2026\" \/>\n<meta property=\"og:image\" content=\"https:\/\/www.expo-wppmtl.ca\/wp-content\/uploads\/2019\/03\/alexandre-champagne-headshot-1.jpg\" \/>\n\t<meta property=\"og:image:width\" content=\"680\" \/>\n\t<meta property=\"og:image:height\" content=\"382\" \/>\n\t<meta property=\"og:image:type\" content=\"image\/jpeg\" \/>\n<meta name=\"twitter:card\" content=\"summary_large_image\" \/>\n<meta name=\"twitter:label1\" content=\"Est. reading time\" \/>\n\t<meta name=\"twitter:data1\" content=\"1 minute\" \/>\n<script type=\"application\/ld+json\" class=\"yoast-schema-graph\">{\"@context\":\"https:\\\/\\\/schema.org\",\"@graph\":[{\"@type\":\"WebPage\",\"@id\":\"https:\\\/\\\/www.expo-wppmtl.ca\\\/en\\\/project\\\/alexandre-champagne\\\/\",\"url\":\"https:\\\/\\\/www.expo-wppmtl.ca\\\/en\\\/project\\\/alexandre-champagne\\\/\",\"name\":\"ALEXANDRE CHAMPAGNE - SPOKESPERSON [2018] - World Press Photo Montr\u00e9al 2026\",\"isPartOf\":{\"@id\":\"https:\\\/\\\/www.expo-wppmtl.ca\\\/#website\"},\"primaryImageOfPage\":{\"@id\":\"https:\\\/\\\/www.expo-wppmtl.ca\\\/en\\\/project\\\/alexandre-champagne\\\/#primaryimage\"},\"image\":{\"@id\":\"https:\\\/\\\/www.expo-wppmtl.ca\\\/en\\\/project\\\/alexandre-champagne\\\/#primaryimage\"},\"thumbnailUrl\":\"https:\\\/\\\/www.expo-wppmtl.ca\\\/wp-content\\\/uploads\\\/2019\\\/03\\\/alexandre-champagne-headshot-1.jpg\",\"datePublished\":\"2019-05-05T03:15:17+00:00\",\"description\":\"The World Press Photo Montreal team is pleased to announce that photographer and entrepreneur Alexandre Champagne will serve as spokesperson for its 2018 edition.\",\"breadcrumb\":{\"@id\":\"https:\\\/\\\/www.expo-wppmtl.ca\\\/en\\\/project\\\/alexandre-champagne\\\/#breadcrumb\"},\"inLanguage\":\"en-US\",\"potentialAction\":[{\"@type\":\"ReadAction\",\"target\":[\"https:\\\/\\\/www.expo-wppmtl.ca\\\/en\\\/project\\\/alexandre-champagne\\\/\"]}]},{\"@type\":\"ImageObject\",\"inLanguage\":\"en-US\",\"@id\":\"https:\\\/\\\/www.expo-wppmtl.ca\\\/en\\\/project\\\/alexandre-champagne\\\/#primaryimage\",\"url\":\"https:\\\/\\\/www.expo-wppmtl.ca\\\/wp-content\\\/uploads\\\/2019\\\/03\\\/alexandre-champagne-headshot-1.jpg\",\"contentUrl\":\"https:\\\/\\\/www.expo-wppmtl.ca\\\/wp-content\\\/uploads\\\/2019\\\/03\\\/alexandre-champagne-headshot-1.jpg\",\"width\":680,\"height\":382},{\"@type\":\"BreadcrumbList\",\"@id\":\"https:\\\/\\\/www.expo-wppmtl.ca\\\/en\\\/project\\\/alexandre-champagne\\\/#breadcrumb\",\"itemListElement\":[{\"@type\":\"ListItem\",\"position\":1,\"name\":\"Home\",\"item\":\"https:\\\/\\\/www.expo-wppmtl.ca\\\/en\\\/\"},{\"@type\":\"ListItem\",\"position\":2,\"name\":\"Projects\",\"item\":\"https:\\\/\\\/www.expo-wppmtl.ca\\\/project\\\/\"},{\"@type\":\"ListItem\",\"position\":3,\"name\":\"ALEXANDRE CHAMPAGNE &#8211; SPOKESPERSON [2018]\"}]},{\"@type\":\"WebSite\",\"@id\":\"https:\\\/\\\/www.expo-wppmtl.ca\\\/#website\",\"url\":\"https:\\\/\\\/www.expo-wppmtl.ca\\\/\",\"name\":\"World Press Photo Montr\u00e9al 2026\",\"description\":\"\",\"potentialAction\":[{\"@type\":\"SearchAction\",\"target\":{\"@type\":\"EntryPoint\",\"urlTemplate\":\"https:\\\/\\\/www.expo-wppmtl.ca\\\/?s={search_term_string}\"},\"query-input\":{\"@type\":\"PropertyValueSpecification\",\"valueRequired\":true,\"valueName\":\"search_term_string\"}}],\"inLanguage\":\"en-US\"}]}<\/script>\n<!-- \/ Yoast SEO plugin. -->","yoast_head_json":{"title":"ALEXANDRE CHAMPAGNE - SPOKESPERSON [2018] - World Press Photo Montr\u00e9al 2026","description":"The World Press Photo Montreal team is pleased to announce that photographer and entrepreneur Alexandre Champagne will serve as spokesperson for its 2018 edition.","robots":{"index":"index","follow":"follow","max-snippet":"max-snippet:-1","max-image-preview":"max-image-preview:large","max-video-preview":"max-video-preview:-1"},"canonical":"https:\/\/www.expo-wppmtl.ca\/en\/project\/alexandre-champagne\/","og_locale":"en_US","og_type":"article","og_title":"ALEXANDRE CHAMPAGNE - SPOKESPERSON [2018] - World Press Photo Montr\u00e9al 2026","og_description":"The World Press Photo Montreal team is pleased to announce that photographer and entrepreneur Alexandre Champagne will serve as spokesperson for its 2018 edition.","og_url":"https:\/\/www.expo-wppmtl.ca\/en\/project\/alexandre-champagne\/","og_site_name":"World Press Photo Montr\u00e9al 2026","og_image":[{"width":680,"height":382,"url":"https:\/\/www.expo-wppmtl.ca\/wp-content\/uploads\/2019\/03\/alexandre-champagne-headshot-1.jpg","type":"image\/jpeg"}],"twitter_card":"summary_large_image","twitter_misc":{"Est. reading time":"1 minute"},"schema":{"@context":"https:\/\/schema.org","@graph":[{"@type":"WebPage","@id":"https:\/\/www.expo-wppmtl.ca\/en\/project\/alexandre-champagne\/","url":"https:\/\/www.expo-wppmtl.ca\/en\/project\/alexandre-champagne\/","name":"ALEXANDRE CHAMPAGNE - SPOKESPERSON [2018] - World Press Photo Montr\u00e9al 2026","isPartOf":{"@id":"https:\/\/www.expo-wppmtl.ca\/#website"},"primaryImageOfPage":{"@id":"https:\/\/www.expo-wppmtl.ca\/en\/project\/alexandre-champagne\/#primaryimage"},"image":{"@id":"https:\/\/www.expo-wppmtl.ca\/en\/project\/alexandre-champagne\/#primaryimage"},"thumbnailUrl":"https:\/\/www.expo-wppmtl.ca\/wp-content\/uploads\/2019\/03\/alexandre-champagne-headshot-1.jpg","datePublished":"2019-05-05T03:15:17+00:00","description":"The World Press Photo Montreal team is pleased to announce that photographer and entrepreneur Alexandre Champagne will serve as spokesperson for its 2018 edition.","breadcrumb":{"@id":"https:\/\/www.expo-wppmtl.ca\/en\/project\/alexandre-champagne\/#breadcrumb"},"inLanguage":"en-US","potentialAction":[{"@type":"ReadAction","target":["https:\/\/www.expo-wppmtl.ca\/en\/project\/alexandre-champagne\/"]}]},{"@type":"ImageObject","inLanguage":"en-US","@id":"https:\/\/www.expo-wppmtl.ca\/en\/project\/alexandre-champagne\/#primaryimage","url":"https:\/\/www.expo-wppmtl.ca\/wp-content\/uploads\/2019\/03\/alexandre-champagne-headshot-1.jpg","contentUrl":"https:\/\/www.expo-wppmtl.ca\/wp-content\/uploads\/2019\/03\/alexandre-champagne-headshot-1.jpg","width":680,"height":382},{"@type":"BreadcrumbList","@id":"https:\/\/www.expo-wppmtl.ca\/en\/project\/alexandre-champagne\/#breadcrumb","itemListElement":[{"@type":"ListItem","position":1,"name":"Home","item":"https:\/\/www.expo-wppmtl.ca\/en\/"},{"@type":"ListItem","position":2,"name":"Projects","item":"https:\/\/www.expo-wppmtl.ca\/project\/"},{"@type":"ListItem","position":3,"name":"ALEXANDRE CHAMPAGNE &#8211; SPOKESPERSON [2018]"}]},{"@type":"WebSite","@id":"https:\/\/www.expo-wppmtl.ca\/#website","url":"https:\/\/www.expo-wppmtl.ca\/","name":"World Press Photo Montr\u00e9al 2026","description":"","potentialAction":[{"@type":"SearchAction","target":{"@type":"EntryPoint","urlTemplate":"https:\/\/www.expo-wppmtl.ca\/?s={search_term_string}"},"query-input":{"@type":"PropertyValueSpecification","valueRequired":true,"valueName":"search_term_string"}}],"inLanguage":"en-US"}]}},"_links":{"self":[{"href":"https:\/\/www.expo-wppmtl.ca\/en\/wp-json\/wp\/v2\/project\/15719","targetHints":{"allow":["GET"]}}],"collection":[{"href":"https:\/\/www.expo-wppmtl.ca\/en\/wp-json\/wp\/v2\/project"}],"about":[{"href":"https:\/\/www.expo-wppmtl.ca\/en\/wp-json\/wp\/v2\/types\/project"}],"author":[{"embeddable":true,"href":"https:\/\/www.expo-wppmtl.ca\/en\/wp-json\/wp\/v2\/users\/1"}],"replies":[{"embeddable":true,"href":"https:\/\/www.expo-wppmtl.ca\/en\/wp-json\/wp\/v2\/comments?post=15719"}],"version-history":[{"count":4,"href":"https:\/\/www.expo-wppmtl.ca\/en\/wp-json\/wp\/v2\/project\/15719\/revisions"}],"predecessor-version":[{"id":15723,"href":"https:\/\/www.expo-wppmtl.ca\/en\/wp-json\/wp\/v2\/project\/15719\/revisions\/15723"}],"wp:featuredmedia":[{"embeddable":true,"href":"https:\/\/www.expo-wppmtl.ca\/en\/wp-json\/wp\/v2\/media\/67"}],"wp:attachment":[{"href":"https:\/\/www.expo-wppmtl.ca\/en\/wp-json\/wp\/v2\/media?parent=15719"}],"wp:term":[{"taxonomy":"pj-categs","embeddable":true,"href":"https:\/\/www.expo-wppmtl.ca\/en\/wp-json\/wp\/v2\/pj-categs?post=15719"},{"taxonomy":"pj-tags","embeddable":true,"href":"https:\/\/www.expo-wppmtl.ca\/en\/wp-json\/wp\/v2\/pj-tags?post=15719"}],"curies":[{"name":"wp","href":"https:\/\/api.w.org\/{rel}","templated":true}]}}

<div id="cmsmasters_row_" class="cmsmasters_row cmsmasters_color_scheme_default cmsmasters_row_top_default cmsmasters_row_bot_default cmsmasters_row_boxed">
<div class="cmsmasters_row_outer_parent">
<div class="cmsmasters_row_outer">
<div class="cmsmasters_row_inner">
<div class="cmsmasters_row_margin">
<div id="cmsmasters_column_" class="cmsmasters_column one_half">
<div class="cmsmasters_column_inner"><div class="cmsmasters_text">
<h1>ALEXANDRE CHAMPAGNE &#8211; SPOKESPERSON [2018]</h1>
<p>The World Press Photo Montreal team is pleased to announce that photographer and entrepreneur Alexandre Champagne will serve as spokesperson for its 2018 edition, which will be presented at Bonsecours Market from August 29 to September 30. In this context, Champagne will also exhibit his photographs of the aftermath of the tragedy at Quebec City’s Great Mosque.</p>
<p>He runs his photo studio, where he carries out commercial but also philanthropic contracts, always mindful to give back to the community. He teaches photography and is currently putting the finishing touches on his first book about the topic, in the hopes of allowing a greater number of people to get acquainted with the photographic potential of smartphones. The book, entitled <em>L’art de réussir toutes ses photos avec son téléphone cellulaire</em> (“The art of successfully taking all your photos with your smartphone”), will be published in the fall of 2018 with Éditions Cardinal.</p>
</div>
<div class="cmsmasters_text">
<p>&nbsp;</p>
</div>
</div></div>
<div id="cmsmasters_column_386bisug18" class="cmsmasters_column one_half">
<div class="cmsmasters_column_inner"><div class="aligncenter"><div class="cmsmasters_img  cmsmasters_image_c"><img decoding="async" src="https://www.expo-wppmtl.ca/wp-content/uploads/2019/03/alexandre-champagne-headshot-1.jpg" /></div></div>
</div></div>
</div>
</div>
</div>
</div>
</div>

<!-- This site is optimized with the Yoast SEO plugin v27.4 - https://yoast.com/product/yoast-seo-wordpress/ -->
<title>ALEXANDRE CHAMPAGNE - SPOKESPERSON [2018] - World Press Photo Montréal 2026</title>
<meta name="description" content="The World Press Photo Montreal team is pleased to announce that photographer and entrepreneur Alexandre Champagne will serve as spokesperson for its 2018 edition." />
<meta name="robots" content="index, follow, max-snippet:-1, max-image-preview:large, max-video-preview:-1" />
<link rel="canonical" href="https://www.expo-wppmtl.ca/en/project/alexandre-champagne/" />
<meta property="og:locale" content="en_US" />
<meta property="og:type" content="article" />
<meta property="og:title" content="ALEXANDRE CHAMPAGNE - SPOKESPERSON [2018] - World Press Photo Montréal 2026" />
<meta property="og:description" content="The World Press Photo Montreal team is pleased to announce that photographer and entrepreneur Alexandre Champagne will serve as spokesperson for its 2018 edition." />
<meta property="og:url" content="https://www.expo-wppmtl.ca/en/project/alexandre-champagne/" />
<meta property="og:site_name" content="World Press Photo Montréal 2026" />
<meta property="og:image" content="https://www.expo-wppmtl.ca/wp-content/uploads/2019/03/alexandre-champagne-headshot-1.jpg" />
	<meta property="og:image:width" content="680" />
	<meta property="og:image:height" content="382" />
	<meta property="og:image:type" content="image/jpeg" />
<meta name="twitter:card" content="summary_large_image" />
<meta name="twitter:label1" content="Est. reading time" />
	<meta name="twitter:data1" content="1 minute" />
<script type="application/ld+json" class="yoast-schema-graph">{"@context":"https:\/\/schema.org","@graph":[{"@type":"WebPage","@id":"https:\/\/www.expo-wppmtl.ca\/en\/project\/alexandre-champagne\/","url":"https:\/\/www.expo-wppmtl.ca\/en\/project\/alexandre-champagne\/","name":"ALEXANDRE CHAMPAGNE - SPOKESPERSON [2018] - World Press Photo Montréal 2026","isPartOf":{"@id":"https:\/\/www.expo-wppmtl.ca\/#website"},"primaryImageOfPage":{"@id":"https:\/\/www.expo-wppmtl.ca\/en\/project\/alexandre-champagne\/#primaryimage"},"image":{"@id":"https:\/\/www.expo-wppmtl.ca\/en\/project\/alexandre-champagne\/#primaryimage"},"thumbnailUrl":"https:\/\/www.expo-wppmtl.ca\/wp-content\/uploads\/2019\/03\/alexandre-champagne-headshot-1.jpg","datePublished":"2019-05-05T03:15:17+00:00","description":"The World Press Photo Montreal team is pleased to announce that photographer and entrepreneur Alexandre Champagne will serve as spokesperson for its 2018 edition.","breadcrumb":{"@id":"https:\/\/www.expo-wppmtl.ca\/en\/project\/alexandre-champagne\/#breadcrumb"},"inLanguage":"en-US","potentialAction":[{"@type":"ReadAction","target":["https:\/\/www.expo-wppmtl.ca\/en\/project\/alexandre-champagne\/"]}]},{"@type":"ImageObject","inLanguage":"en-US","@id":"https:\/\/www.expo-wppmtl.ca\/en\/project\/alexandre-champagne\/#primaryimage","url":"https:\/\/www.expo-wppmtl.ca\/wp-content\/uploads\/2019\/03\/alexandre-champagne-headshot-1.jpg","contentUrl":"https:\/\/www.expo-wppmtl.ca\/wp-content\/uploads\/2019\/03\/alexandre-champagne-headshot-1.jpg","width":680,"height":382},{"@type":"BreadcrumbList","@id":"https:\/\/www.expo-wppmtl.ca\/en\/project\/alexandre-champagne\/#breadcrumb","itemListElement":[{"@type":"ListItem","position":1,"name":"Home","item":"https:\/\/www.expo-wppmtl.ca\/en\/"},{"@type":"ListItem","position":2,"name":"Projects","item":"https:\/\/www.expo-wppmtl.ca\/project\/"},{"@type":"ListItem","position":3,"name":"ALEXANDRE CHAMPAGNE &#8211; SPOKESPERSON [2018]"}]},{"@type":"WebSite","@id":"https:\/\/www.expo-wppmtl.ca\/#website","url":"https:\/\/www.expo-wppmtl.ca\/","name":"World Press Photo Montréal 2026","description":"","potentialAction":[{"@type":"SearchAction","target":{"@type":"EntryPoint","urlTemplate":"https:\/\/www.expo-wppmtl.ca\/?s={search_term_string}"},"query-input":{"@type":"PropertyValueSpecification","valueRequired":true,"valueName":"search_term_string"}}],"inLanguage":"en-US"}]}</script>
<!-- / Yoast SEO plugin. -->

ALEXANDRE CHAMPAGNE - SPOKESPERSON [2018] - World Press Photo Montréal 2026

World Press Photo Montréal 2026
