{"id":15992,"date":"2019-08-05T18:59:13","date_gmt":"2019-08-05T22:59:13","guid":{"rendered":"https:\/\/www.expo-wppmtl.ca\/?post_type=project&#038;p=15992"},"modified":"2020-03-13T10:57:54","modified_gmt":"2020-03-13T14:57:54","slug":"ici-rdi-expo","status":"publish","type":"project","link":"https:\/\/www.expo-wppmtl.ca\/en\/project\/ici-rdi-expo\/","title":{"rendered":"ICI RDI\u00a0\u2013 PERSPECTIVES FROM THE FIELD [2019]"},"content":{"rendered":"<div id=\"cmsmasters_row_fensc6ssii\" class=\"cmsmasters_row cmsmasters_color_scheme_default cmsmasters_row_top_default cmsmasters_row_bot_default cmsmasters_row_boxed\">\n<div class=\"cmsmasters_row_outer_parent\">\n<div class=\"cmsmasters_row_outer\">\n<div class=\"cmsmasters_row_inner\">\n<div class=\"cmsmasters_row_margin\">\n<div id=\"cmsmasters_column_honhouhx9s\" class=\"cmsmasters_column one_half\">\n<div class=\"cmsmasters_column_inner\"><div class=\"cmsmasters_text\">\n<h1>ICI RDI \u2013 PERSPECTIVES FROM THE FIELD [2019]<\/h1>\n<p>ICI RDI invites you to get acquainted with the Radio-Canada correspondents who bring us the news every day, as they share unique images captured while on assignment around the world. The second part of the exhibition, <em>Nos histoires d\u2019un oc\u00e9an \u00e0 l\u2019autre<\/em>, shines the spotlight on our broadcast professionals who cover events all over Quebec and across Canada. Through photos and personal accounts, they reveal the stories that moved them.<\/p>\n<p><strong>Photo Caption <\/strong><\/p>\n<p>U.S. soldiers stand guard outside the Donna temporary base camp near McAllen, Texas. Last year, President Trump ordered the military to reinforce the southern border with Mexico, hoping to discourage a group of thousands of migrants from making their way north to try to cross into the United States.<\/p>\n<p><strong>Story<\/strong>: <em>Probl\u00e8mes \u00e0 la fronti\u00e8re du Mexique et des \u00c9tats-Unis<\/em><\/p>\n<p><strong>Reporter:<\/strong> Christian Latreille<\/p>\n<p><strong>Photo credits:<\/strong> Marcel Calfat, producer<\/p>\n<\/div>\n<\/div><\/div>\n<div id=\"cmsmasters_column_qzxjbdtzv\" class=\"cmsmasters_column one_half\">\n<div class=\"cmsmasters_column_inner\"><div class=\"aligncenter\"><div class=\"cmsmasters_img  cmsmasters_image_c\"><img decoding=\"async\" src=\"https:\/\/www.expo-wppmtl.ca\/wp-content\/uploads\/2019\/08\/RDI-Soldats-americains-Lorez.jpg\" \/><\/div><\/div>\n<\/div><\/div>\n<\/div>\n<\/div>\n<\/div>\n<\/div>\n<\/div>\n\n","protected":false},"excerpt":{"rendered":"<p>ICI RDI invites you to get acquainted with the Radio-Canada correspondents who bring us the news every day, as they share unique images captured while on assignment around the world. <a href=\"https:\/\/www.expo-wppmtl.ca\/en\/project\/ici-rdi-expo\">Read more.<\/a><\/p>\n","protected":false},"author":1,"featured_media":15939,"menu_order":0,"comment_status":"closed","ping_status":"closed","template":"","format":"standard","meta":{"footnotes":""},"pj-categs":[11],"pj-tags":[],"class_list":["post-15992","project","type-project","status-publish","format-standard","has-post-thumbnail","hentry","pj-categs-projets-2019"],"yoast_head":"<!-- This site is optimized with the Yoast SEO plugin v27.4 - https:\/\/yoast.com\/product\/yoast-seo-wordpress\/ -->\n<title>ICI RDI \u2013 Perspectives from the Field - World Press Photo Montreal 2019<\/title>\n<meta name=\"description\" content=\"ICI RDI invites you to get acquainted with the correspondents who bring us the news every day, as they share unique images captured while on assignment.\" \/>\n<meta name=\"robots\" content=\"index, follow, max-snippet:-1, max-image-preview:large, max-video-preview:-1\" \/>\n<link rel=\"canonical\" href=\"https:\/\/www.expo-wppmtl.ca\/en\/project\/ici-rdi-expo\/\" \/>\n<meta property=\"og:locale\" content=\"en_US\" \/>\n<meta property=\"og:type\" content=\"article\" \/>\n<meta property=\"og:title\" content=\"ICI RDI \u2013 Perspectives from the Field - World Press Photo Montreal 2019\" \/>\n<meta property=\"og:description\" content=\"ICI RDI invites you to get acquainted with the correspondents who bring us the news every day, as they share unique images captured while on assignment.\" \/>\n<meta property=\"og:url\" content=\"https:\/\/www.expo-wppmtl.ca\/en\/project\/ici-rdi-expo\/\" \/>\n<meta property=\"og:site_name\" content=\"World Press Photo Montr\u00e9al 2026\" \/>\n<meta property=\"article:modified_time\" content=\"2020-03-13T14:57:54+00:00\" \/>\n<meta property=\"og:image\" content=\"https:\/\/www.expo-wppmtl.ca\/wp-content\/uploads\/2019\/08\/RDI-Soldats-americains-Lorez.jpg\" \/>\n\t<meta property=\"og:image:width\" content=\"1008\" \/>\n\t<meta property=\"og:image:height\" content=\"756\" \/>\n\t<meta property=\"og:image:type\" content=\"image\/jpeg\" \/>\n<meta name=\"twitter:card\" content=\"summary_large_image\" \/>\n<meta name=\"twitter:label1\" content=\"Est. reading time\" \/>\n\t<meta name=\"twitter:data1\" content=\"2 minutes\" \/>\n<script type=\"application\/ld+json\" class=\"yoast-schema-graph\">{\"@context\":\"https:\\\/\\\/schema.org\",\"@graph\":[{\"@type\":\"WebPage\",\"@id\":\"https:\\\/\\\/www.expo-wppmtl.ca\\\/en\\\/project\\\/ici-rdi-expo\\\/\",\"url\":\"https:\\\/\\\/www.expo-wppmtl.ca\\\/en\\\/project\\\/ici-rdi-expo\\\/\",\"name\":\"ICI RDI \u2013 Perspectives from the Field - World Press Photo Montreal 2019\",\"isPartOf\":{\"@id\":\"https:\\\/\\\/www.expo-wppmtl.ca\\\/#website\"},\"primaryImageOfPage\":{\"@id\":\"https:\\\/\\\/www.expo-wppmtl.ca\\\/en\\\/project\\\/ici-rdi-expo\\\/#primaryimage\"},\"image\":{\"@id\":\"https:\\\/\\\/www.expo-wppmtl.ca\\\/en\\\/project\\\/ici-rdi-expo\\\/#primaryimage\"},\"thumbnailUrl\":\"https:\\\/\\\/www.expo-wppmtl.ca\\\/wp-content\\\/uploads\\\/2019\\\/08\\\/RDI-Soldats-americains-Lorez.jpg\",\"datePublished\":\"2019-08-05T22:59:13+00:00\",\"dateModified\":\"2020-03-13T14:57:54+00:00\",\"description\":\"ICI RDI invites you to get acquainted with the correspondents who bring us the news every day, as they share unique images captured while on assignment.\",\"breadcrumb\":{\"@id\":\"https:\\\/\\\/www.expo-wppmtl.ca\\\/en\\\/project\\\/ici-rdi-expo\\\/#breadcrumb\"},\"inLanguage\":\"en-US\",\"potentialAction\":[{\"@type\":\"ReadAction\",\"target\":[\"https:\\\/\\\/www.expo-wppmtl.ca\\\/en\\\/project\\\/ici-rdi-expo\\\/\"]}]},{\"@type\":\"ImageObject\",\"inLanguage\":\"en-US\",\"@id\":\"https:\\\/\\\/www.expo-wppmtl.ca\\\/en\\\/project\\\/ici-rdi-expo\\\/#primaryimage\",\"url\":\"https:\\\/\\\/www.expo-wppmtl.ca\\\/wp-content\\\/uploads\\\/2019\\\/08\\\/RDI-Soldats-americains-Lorez.jpg\",\"contentUrl\":\"https:\\\/\\\/www.expo-wppmtl.ca\\\/wp-content\\\/uploads\\\/2019\\\/08\\\/RDI-Soldats-americains-Lorez.jpg\",\"width\":1008,\"height\":756},{\"@type\":\"BreadcrumbList\",\"@id\":\"https:\\\/\\\/www.expo-wppmtl.ca\\\/en\\\/project\\\/ici-rdi-expo\\\/#breadcrumb\",\"itemListElement\":[{\"@type\":\"ListItem\",\"position\":1,\"name\":\"Home\",\"item\":\"https:\\\/\\\/www.expo-wppmtl.ca\\\/en\\\/\"},{\"@type\":\"ListItem\",\"position\":2,\"name\":\"Projects\",\"item\":\"https:\\\/\\\/www.expo-wppmtl.ca\\\/project\\\/\"},{\"@type\":\"ListItem\",\"position\":3,\"name\":\"ICI RDI\u00a0\u2013 PERSPECTIVES FROM THE FIELD [2019]\"}]},{\"@type\":\"WebSite\",\"@id\":\"https:\\\/\\\/www.expo-wppmtl.ca\\\/#website\",\"url\":\"https:\\\/\\\/www.expo-wppmtl.ca\\\/\",\"name\":\"World Press Photo Montr\u00e9al 2026\",\"description\":\"\",\"potentialAction\":[{\"@type\":\"SearchAction\",\"target\":{\"@type\":\"EntryPoint\",\"urlTemplate\":\"https:\\\/\\\/www.expo-wppmtl.ca\\\/?s={search_term_string}\"},\"query-input\":{\"@type\":\"PropertyValueSpecification\",\"valueRequired\":true,\"valueName\":\"search_term_string\"}}],\"inLanguage\":\"en-US\"}]}<\/script>\n<!-- \/ Yoast SEO plugin. -->","yoast_head_json":{"title":"ICI RDI \u2013 Perspectives from the Field - World Press Photo Montreal 2019","description":"ICI RDI invites you to get acquainted with the correspondents who bring us the news every day, as they share unique images captured while on assignment.","robots":{"index":"index","follow":"follow","max-snippet":"max-snippet:-1","max-image-preview":"max-image-preview:large","max-video-preview":"max-video-preview:-1"},"canonical":"https:\/\/www.expo-wppmtl.ca\/en\/project\/ici-rdi-expo\/","og_locale":"en_US","og_type":"article","og_title":"ICI RDI \u2013 Perspectives from the Field - World Press Photo Montreal 2019","og_description":"ICI RDI invites you to get acquainted with the correspondents who bring us the news every day, as they share unique images captured while on assignment.","og_url":"https:\/\/www.expo-wppmtl.ca\/en\/project\/ici-rdi-expo\/","og_site_name":"World Press Photo Montr\u00e9al 2026","article_modified_time":"2020-03-13T14:57:54+00:00","og_image":[{"width":1008,"height":756,"url":"https:\/\/www.expo-wppmtl.ca\/wp-content\/uploads\/2019\/08\/RDI-Soldats-americains-Lorez.jpg","type":"image\/jpeg"}],"twitter_card":"summary_large_image","twitter_misc":{"Est. reading time":"2 minutes"},"schema":{"@context":"https:\/\/schema.org","@graph":[{"@type":"WebPage","@id":"https:\/\/www.expo-wppmtl.ca\/en\/project\/ici-rdi-expo\/","url":"https:\/\/www.expo-wppmtl.ca\/en\/project\/ici-rdi-expo\/","name":"ICI RDI \u2013 Perspectives from the Field - World Press Photo Montreal 2019","isPartOf":{"@id":"https:\/\/www.expo-wppmtl.ca\/#website"},"primaryImageOfPage":{"@id":"https:\/\/www.expo-wppmtl.ca\/en\/project\/ici-rdi-expo\/#primaryimage"},"image":{"@id":"https:\/\/www.expo-wppmtl.ca\/en\/project\/ici-rdi-expo\/#primaryimage"},"thumbnailUrl":"https:\/\/www.expo-wppmtl.ca\/wp-content\/uploads\/2019\/08\/RDI-Soldats-americains-Lorez.jpg","datePublished":"2019-08-05T22:59:13+00:00","dateModified":"2020-03-13T14:57:54+00:00","description":"ICI RDI invites you to get acquainted with the correspondents who bring us the news every day, as they share unique images captured while on assignment.","breadcrumb":{"@id":"https:\/\/www.expo-wppmtl.ca\/en\/project\/ici-rdi-expo\/#breadcrumb"},"inLanguage":"en-US","potentialAction":[{"@type":"ReadAction","target":["https:\/\/www.expo-wppmtl.ca\/en\/project\/ici-rdi-expo\/"]}]},{"@type":"ImageObject","inLanguage":"en-US","@id":"https:\/\/www.expo-wppmtl.ca\/en\/project\/ici-rdi-expo\/#primaryimage","url":"https:\/\/www.expo-wppmtl.ca\/wp-content\/uploads\/2019\/08\/RDI-Soldats-americains-Lorez.jpg","contentUrl":"https:\/\/www.expo-wppmtl.ca\/wp-content\/uploads\/2019\/08\/RDI-Soldats-americains-Lorez.jpg","width":1008,"height":756},{"@type":"BreadcrumbList","@id":"https:\/\/www.expo-wppmtl.ca\/en\/project\/ici-rdi-expo\/#breadcrumb","itemListElement":[{"@type":"ListItem","position":1,"name":"Home","item":"https:\/\/www.expo-wppmtl.ca\/en\/"},{"@type":"ListItem","position":2,"name":"Projects","item":"https:\/\/www.expo-wppmtl.ca\/project\/"},{"@type":"ListItem","position":3,"name":"ICI RDI\u00a0\u2013 PERSPECTIVES FROM THE FIELD [2019]"}]},{"@type":"WebSite","@id":"https:\/\/www.expo-wppmtl.ca\/#website","url":"https:\/\/www.expo-wppmtl.ca\/","name":"World Press Photo Montr\u00e9al 2026","description":"","potentialAction":[{"@type":"SearchAction","target":{"@type":"EntryPoint","urlTemplate":"https:\/\/www.expo-wppmtl.ca\/?s={search_term_string}"},"query-input":{"@type":"PropertyValueSpecification","valueRequired":true,"valueName":"search_term_string"}}],"inLanguage":"en-US"}]}},"_links":{"self":[{"href":"https:\/\/www.expo-wppmtl.ca\/en\/wp-json\/wp\/v2\/project\/15992","targetHints":{"allow":["GET"]}}],"collection":[{"href":"https:\/\/www.expo-wppmtl.ca\/en\/wp-json\/wp\/v2\/project"}],"about":[{"href":"https:\/\/www.expo-wppmtl.ca\/en\/wp-json\/wp\/v2\/types\/project"}],"author":[{"embeddable":true,"href":"https:\/\/www.expo-wppmtl.ca\/en\/wp-json\/wp\/v2\/users\/1"}],"replies":[{"embeddable":true,"href":"https:\/\/www.expo-wppmtl.ca\/en\/wp-json\/wp\/v2\/comments?post=15992"}],"version-history":[{"count":6,"href":"https:\/\/www.expo-wppmtl.ca\/en\/wp-json\/wp\/v2\/project\/15992\/revisions"}],"predecessor-version":[{"id":16337,"href":"https:\/\/www.expo-wppmtl.ca\/en\/wp-json\/wp\/v2\/project\/15992\/revisions\/16337"}],"wp:featuredmedia":[{"embeddable":true,"href":"https:\/\/www.expo-wppmtl.ca\/en\/wp-json\/wp\/v2\/media\/15939"}],"wp:attachment":[{"href":"https:\/\/www.expo-wppmtl.ca\/en\/wp-json\/wp\/v2\/media?parent=15992"}],"wp:term":[{"taxonomy":"pj-categs","embeddable":true,"href":"https:\/\/www.expo-wppmtl.ca\/en\/wp-json\/wp\/v2\/pj-categs?post=15992"},{"taxonomy":"pj-tags","embeddable":true,"href":"https:\/\/www.expo-wppmtl.ca\/en\/wp-json\/wp\/v2\/pj-tags?post=15992"}],"curies":[{"name":"wp","href":"https:\/\/api.w.org\/{rel}","templated":true}]}}

<div id="cmsmasters_row_fensc6ssii" class="cmsmasters_row cmsmasters_color_scheme_default cmsmasters_row_top_default cmsmasters_row_bot_default cmsmasters_row_boxed">
<div class="cmsmasters_row_outer_parent">
<div class="cmsmasters_row_outer">
<div class="cmsmasters_row_inner">
<div class="cmsmasters_row_margin">
<div id="cmsmasters_column_honhouhx9s" class="cmsmasters_column one_half">
<div class="cmsmasters_column_inner"><div class="cmsmasters_text">
<h1>ICI RDI – PERSPECTIVES FROM THE FIELD [2019]</h1>
<p>ICI RDI invites you to get acquainted with the Radio-Canada correspondents who bring us the news every day, as they share unique images captured while on assignment around the world. The second part of the exhibition, <em>Nos histoires d’un océan à l’autre</em>, shines the spotlight on our broadcast professionals who cover events all over Quebec and across Canada. Through photos and personal accounts, they reveal the stories that moved them.</p>
<p><strong>Photo Caption </strong></p>
<p>U.S. soldiers stand guard outside the Donna temporary base camp near McAllen, Texas. Last year, President Trump ordered the military to reinforce the southern border with Mexico, hoping to discourage a group of thousands of migrants from making their way north to try to cross into the United States.</p>
<p><strong>Story</strong>: <em>Problèmes à la frontière du Mexique et des États-Unis</em></p>
<p><strong>Reporter:</strong> Christian Latreille</p>
<p><strong>Photo credits:</strong> Marcel Calfat, producer</p>
</div>
</div></div>
<div id="cmsmasters_column_qzxjbdtzv" class="cmsmasters_column one_half">
<div class="cmsmasters_column_inner"><div class="aligncenter"><div class="cmsmasters_img  cmsmasters_image_c"><img decoding="async" src="https://www.expo-wppmtl.ca/wp-content/uploads/2019/08/RDI-Soldats-americains-Lorez.jpg" /></div></div>
</div></div>
</div>
</div>
</div>
</div>
</div>

<!-- This site is optimized with the Yoast SEO plugin v27.4 - https://yoast.com/product/yoast-seo-wordpress/ -->
<title>ICI RDI – Perspectives from the Field - World Press Photo Montreal 2019</title>
<meta name="description" content="ICI RDI invites you to get acquainted with the correspondents who bring us the news every day, as they share unique images captured while on assignment." />
<meta name="robots" content="index, follow, max-snippet:-1, max-image-preview:large, max-video-preview:-1" />
<link rel="canonical" href="https://www.expo-wppmtl.ca/en/project/ici-rdi-expo/" />
<meta property="og:locale" content="en_US" />
<meta property="og:type" content="article" />
<meta property="og:title" content="ICI RDI – Perspectives from the Field - World Press Photo Montreal 2019" />
<meta property="og:description" content="ICI RDI invites you to get acquainted with the correspondents who bring us the news every day, as they share unique images captured while on assignment." />
<meta property="og:url" content="https://www.expo-wppmtl.ca/en/project/ici-rdi-expo/" />
<meta property="og:site_name" content="World Press Photo Montréal 2026" />
<meta property="article:modified_time" content="2020-03-13T14:57:54+00:00" />
<meta property="og:image" content="https://www.expo-wppmtl.ca/wp-content/uploads/2019/08/RDI-Soldats-americains-Lorez.jpg" />
	<meta property="og:image:width" content="1008" />
	<meta property="og:image:height" content="756" />
	<meta property="og:image:type" content="image/jpeg" />
<meta name="twitter:card" content="summary_large_image" />
<meta name="twitter:label1" content="Est. reading time" />
	<meta name="twitter:data1" content="2 minutes" />
<script type="application/ld+json" class="yoast-schema-graph">{"@context":"https:\/\/schema.org","@graph":[{"@type":"WebPage","@id":"https:\/\/www.expo-wppmtl.ca\/en\/project\/ici-rdi-expo\/","url":"https:\/\/www.expo-wppmtl.ca\/en\/project\/ici-rdi-expo\/","name":"ICI RDI – Perspectives from the Field - World Press Photo Montreal 2019","isPartOf":{"@id":"https:\/\/www.expo-wppmtl.ca\/#website"},"primaryImageOfPage":{"@id":"https:\/\/www.expo-wppmtl.ca\/en\/project\/ici-rdi-expo\/#primaryimage"},"image":{"@id":"https:\/\/www.expo-wppmtl.ca\/en\/project\/ici-rdi-expo\/#primaryimage"},"thumbnailUrl":"https:\/\/www.expo-wppmtl.ca\/wp-content\/uploads\/2019\/08\/RDI-Soldats-americains-Lorez.jpg","datePublished":"2019-08-05T22:59:13+00:00","dateModified":"2020-03-13T14:57:54+00:00","description":"ICI RDI invites you to get acquainted with the correspondents who bring us the news every day, as they share unique images captured while on assignment.","breadcrumb":{"@id":"https:\/\/www.expo-wppmtl.ca\/en\/project\/ici-rdi-expo\/#breadcrumb"},"inLanguage":"en-US","potentialAction":[{"@type":"ReadAction","target":["https:\/\/www.expo-wppmtl.ca\/en\/project\/ici-rdi-expo\/"]}]},{"@type":"ImageObject","inLanguage":"en-US","@id":"https:\/\/www.expo-wppmtl.ca\/en\/project\/ici-rdi-expo\/#primaryimage","url":"https:\/\/www.expo-wppmtl.ca\/wp-content\/uploads\/2019\/08\/RDI-Soldats-americains-Lorez.jpg","contentUrl":"https:\/\/www.expo-wppmtl.ca\/wp-content\/uploads\/2019\/08\/RDI-Soldats-americains-Lorez.jpg","width":1008,"height":756},{"@type":"BreadcrumbList","@id":"https:\/\/www.expo-wppmtl.ca\/en\/project\/ici-rdi-expo\/#breadcrumb","itemListElement":[{"@type":"ListItem","position":1,"name":"Home","item":"https:\/\/www.expo-wppmtl.ca\/en\/"},{"@type":"ListItem","position":2,"name":"Projects","item":"https:\/\/www.expo-wppmtl.ca\/project\/"},{"@type":"ListItem","position":3,"name":"ICI RDI – PERSPECTIVES FROM THE FIELD [2019]"}]},{"@type":"WebSite","@id":"https:\/\/www.expo-wppmtl.ca\/#website","url":"https:\/\/www.expo-wppmtl.ca\/","name":"World Press Photo Montréal 2026","description":"","potentialAction":[{"@type":"SearchAction","target":{"@type":"EntryPoint","urlTemplate":"https:\/\/www.expo-wppmtl.ca\/?s={search_term_string}"},"query-input":{"@type":"PropertyValueSpecification","valueRequired":true,"valueName":"search_term_string"}}],"inLanguage":"en-US"}]}</script>
<!-- / Yoast SEO plugin. -->

World Press Photo Montréal 2026
